{"id":252,"date":"2021-08-05T05:32:39","date_gmt":"2021-08-05T05:32:39","guid":{"rendered":"https:\/\/scoalaberzunti.ro\/?page_id=252"},"modified":"2023-06-21T12:14:01","modified_gmt":"2023-06-21T12:14:01","slug":"materialis","status":"publish","type":"page","link":"https:\/\/scoalaberzunti.ro\/","title":{"rendered":"Acasa"},"content":{"rendered":"<!-- wp:extendstudio\/materialis--><div  id=\"overlappable-8\" style=\"background-color: rgb(255, 255, 255); background-image: none;\" data-label=\"Overlappable\" data-id=\"overlappable-5-materialis\" data-export-id=\"overlappable-5-materialis\" data-category=\"overlappable\" class=\"overlappable-5-materialis content-section content-section-spacing-large\" data-overlap=\"true\"><div  class=\"gridContainer\"> <div  data-type=\"row\" class=\"row spaced-cols \"><div  class=\"col-xs-12 col-sm-6 col-md-4 \"> <div  class=\"card mdc-elevation--z3 row-card\"><div  class=\"row\"> <div  class=\"col-xs-12 col-sm-fit icon-col\" data-fixed=\"true\"><i  class=\"color1 icon mdi mdi-google-circles-extended bordered round big\"><\/i><\/div> <div  class=\"col-xs-12 col-sm\" data-type=\"column\"><h4  class=\"color-black\">MISIUNEA \u015eCOLII<\/h4> <p  class=\"\">\u015ecoala noastr\u0103 este o institu\u0163ie de \u00eenv\u0103\u0163\u0103m\u00e2nt care asigur\u0103 dezvoltarea la poten\u0163ial maxim a fiec\u0103rui elev, f\u0103r\u0103 discriminare, pun\u00e2nd accent pe identificarea, promovarea \u015fi dezvoltarea calit\u0103\u0163ilor \u015fi aptitudinilor individuale \u015fi de grup,&nbsp;<\/p><\/div> <\/div><\/div> <\/div> <div  class=\"col-xs-12 col-sm-6 col-md-4 \"> <div  class=\"card mdc-elevation--z3 row-card\"> <div  class=\"row\"> <div  class=\"col-xs-12 col-sm-fit icon-col\" data-fixed=\"true\"> <i  class=\"color1 icon mdi mdi-eye bordered round big\"><\/i><\/div> <div  class=\"col-xs-12 col-sm\" data-type=\"column\"><h4  class=\"color-black\">VIZIUNEA \u015eCOLII<\/h4> <p  class=\"\">Prin spa\u0163iul oferit \u015fi prin activit\u0103\u0163ile puse la dispozi\u0163ie, sus\u021binem \u00eenv\u0103\u0163\u0103m\u00e2ntul de calitate, care ofer\u0103 \u015fanse de integrare real\u0103 \u00een societate a absolven\u0163ilor s\u0103i ce devin capabili s\u0103 asimileze \u015fi s\u0103 utilizeze \u00een propria dezvoltare informa\u0163ia.<\/p><\/div> <\/div><\/div> <\/div> <div  class=\"col-xs-12 col-sm-6 col-md-4 \"> <div  class=\"card mdc-elevation--z3 row-card\"> <div  class=\"row\"> <div  class=\"col-xs-12 col-sm-fit icon-col\" data-fixed=\"true\"> <i  class=\"color1 icon mdi mdi-verified bordered round big\"><\/i><\/div> <div  class=\"col-xs-12 col-sm\" data-type=\"column\"><h4  class=\"color-black\">REZULTATE A\u015eTEPTATE:<\/h4> <p  class=\"\">\u2022 Cre\u015fterea prestan\u0163ei \u015fi competen\u0163elor cadrelor didactice<br >\u2022 Cre\u015fterea prestigiului \u015fcolii \u00een comunitate<br >\u2022 Eliminarea abandonului \u015fcolar\n<br >\u2022 Parteneriat real al \u015fcolii cu celelalte institu\u0163ii ale statului<\/p><\/div> <\/div><\/div> <\/div><\/div> <\/div><\/div><!-- \/wp:extendstudio\/materialis--><!-- wp:extendstudio\/materialis--><div  id=\"latest-news-1\" style=\"background-color: #f5fafd;\" data-label=\"Latest-news\" data-id=\"latest-news-1-materialis\" data-export-id=\"latest-news-1-materialis\" data-category=\"latest_news\" class=\"latest-news-1-materialis content-section content-section-spacing-large\"><div  class=\"gridContainer\"> <div  class=\"row\"><div  data-type=\"column\" class=\"section-title-col\"> <h2  class=\"\">Anun\u021buri \u0219i nout\u0103\u021bi<\/h2> <\/div> <\/div> <div  class=\"row content-left-sm\"> <div  data-type=\"row\" data-dynamic-columns=\"handled\" data-content-shortcode=\"materialis_latest_news\" data-max-items=\"4\">\t\t<div class=\"row materialis-latest-news\">\n\t\t\t\t\t<div id=\"post-1135\" class=\"col-sm-6 col-md-4 space-bottom space-bottom-xs\">\n\t\t\t\t\t<div class=\"post-content no-padding  mdc-card overflow-hidden mdc-elevation--z2 latest-news-layout-cards\">\n\t\t\t\t\t<div class=\"\">\n\t\t\t\t    <div class=\"post-thumbnail\">\n        <a href=\"https:\/\/scoalaberzunti.ro\/?p=1135\" class=\"post-list-item-thumb \">\n                    <svg class=\"materialis-post-list-item-thumb-placeholder\" width=\"890\" height=\"580\" viewBox=\"0 0 890 580\" preserveAspectRatio=\"none\">\n            <rect width=\"890\" height=\"580\" style=\"fill:#228ae6;\"><\/rect>\n        <\/svg>\n                <\/a>\n    <\/div>\n    \t\t\t<\/div>\n\t\t\n\t\t<div class=\"post-content-body col-padding  \">\n\t\t\t\t\t\t\t<div class=\"space-bottom-small\">\n\t\t\t\t\t<a href=\"https:\/\/scoalaberzunti.ro\/?cat=3\"  class=\"button color5 link \">Nout\u0103\u021bi<\/a>\t\t\t\t<\/div>\n\t\t\t\n\t\t\t<h4 class=\"latest-news-item-title\">\n\t\t\t\t<a href=\"https:\/\/scoalaberzunti.ro\/?p=1135\" rel=\"bookmark\">\n\t\t\t\t\t\u00ceNSCRIERE LA CLASA PREG\u0102TITOARE \u00ceN ANUL \u0218COLAR 2026-2027\t\t\t\t<\/a>\n\t\t\t<\/h4>\n\n\t\t\t\n\t\t\t<div class=\"latest-news-item-excerpt\">\n\t\t\t\t\t\t\t<\/div>\n\n\n\t\t<\/div>\n\t\t\t\t\t\t\t<div class=\"mdc-card__actions box-padding-lr-small text-dark\">\n\t\t\t\t<div class=\"mdc-card__action-icons col-xs-12 text-dark col-sm-fit no-padding-left\">\n\t\t\t\t\t\t<a class=\"post-footer-link\" href=\"https:\/\/scoalaberzunti.ro\/?p=1135\">\n\t\t<i class=\"mdi small mdi-comment-outline mdc-card__action mdc-card__action--icon color-darkgray\" title=\"Comments\"><\/i>\n\t\t<span class=\"post-footer-value\">0<\/span>\n\t<\/a>\n\t<a class=\"post-footer-link\" href=\"https:\/\/scoalaberzunti.ro\/?p=1135\">\n\t\t<i class=\"mdi small mdi-clock mdc-card__action mdc-card__action--icon color-darkgray\" title=\"Post Time\"><\/i>\n\t\t<span class=\"post-footer-value\">12 martie 2026<\/span>\n\t<\/a>\n\t\t\t\t\t<\/div>\n\t\t\t\t<div class=\"mdc-card__action-buttons col-xs-12 col-sm-fit no-padding\">\n\t\t\t\t\t<a href=\"https:\/\/scoalaberzunti.ro\/?p=1135\" class=\"button color2 link\">Cite\u0219te mai mult<\/a>\n\t\t\t\t<\/div>\n\t\t\t<\/div>\n\t\t\t<\/div>\n\t\t\t\t<\/div>\n\t\t\t\t\t\t<div id=\"post-1128\" class=\"col-sm-6 col-md-4 space-bottom space-bottom-xs\">\n\t\t\t\t\t<div class=\"post-content no-padding  mdc-card overflow-hidden mdc-elevation--z2 latest-news-layout-cards\">\n\t\t\t\t\t<div class=\"\">\n\t\t\t\t    <div class=\"post-thumbnail\">\n        <a href=\"https:\/\/scoalaberzunti.ro\/?p=1128\" class=\"post-list-item-thumb \">\n                    <svg class=\"materialis-post-list-item-thumb-placeholder\" width=\"890\" height=\"580\" viewBox=\"0 0 890 580\" preserveAspectRatio=\"none\">\n            <rect width=\"890\" height=\"580\" style=\"fill:#228ae6;\"><\/rect>\n        <\/svg>\n                <\/a>\n    <\/div>\n    \t\t\t<\/div>\n\t\t\n\t\t<div class=\"post-content-body col-padding  \">\n\t\t\t\t\t\t\t<div class=\"space-bottom-small\">\n\t\t\t\t\t<a href=\"https:\/\/scoalaberzunti.ro\/?cat=3\"  class=\"button color5 link \">Nout\u0103\u021bi<\/a>\t\t\t\t<\/div>\n\t\t\t\n\t\t\t<h4 class=\"latest-news-item-title\">\n\t\t\t\t<a href=\"https:\/\/scoalaberzunti.ro\/?p=1128\" rel=\"bookmark\">\n\t\t\t\t\t\u00a0FEBRUARIE 2026 &#8211; LUNA S\u0102N\u0102T\u0102\u021aII LA \u0218COALA BERZUN\u021aI\u00a0\t\t\t\t<\/a>\n\t\t\t<\/h4>\n\n\t\t\t\n\t\t\t<div class=\"latest-news-item-excerpt\">\n\t\t\t\t<p>\ud83c\udf1f FEBRUARIE 2026 &#8211; LUNA S\u0102N\u0102T\u0102\u021aII LA \u0218COALA BERZUN\u021aI \ud83c\udf1f\ud83d\udc9a Dragi p\u0103rin\u021bi, elevi \u0219i membri[&hellip;]<\/p>\n\t\t\t<\/div>\n\n\n\t\t<\/div>\n\t\t\t\t\t\t\t<div class=\"mdc-card__actions box-padding-lr-small text-dark\">\n\t\t\t\t<div class=\"mdc-card__action-icons col-xs-12 text-dark col-sm-fit no-padding-left\">\n\t\t\t\t\t\t<a class=\"post-footer-link\" href=\"https:\/\/scoalaberzunti.ro\/?p=1128\">\n\t\t<i class=\"mdi small mdi-comment-outline mdc-card__action mdc-card__action--icon color-darkgray\" title=\"Comments\"><\/i>\n\t\t<span class=\"post-footer-value\">0<\/span>\n\t<\/a>\n\t<a class=\"post-footer-link\" href=\"https:\/\/scoalaberzunti.ro\/?p=1128\">\n\t\t<i class=\"mdi small mdi-clock mdc-card__action mdc-card__action--icon color-darkgray\" title=\"Post Time\"><\/i>\n\t\t<span class=\"post-footer-value\">3 februarie 2026<\/span>\n\t<\/a>\n\t\t\t\t\t<\/div>\n\t\t\t\t<div class=\"mdc-card__action-buttons col-xs-12 col-sm-fit no-padding\">\n\t\t\t\t\t<a href=\"https:\/\/scoalaberzunti.ro\/?p=1128\" class=\"button color2 link\">Cite\u0219te mai mult<\/a>\n\t\t\t\t<\/div>\n\t\t\t<\/div>\n\t\t\t<\/div>\n\t\t\t\t<\/div>\n\t\t\t\t\t\t<div id=\"post-1125\" class=\"col-sm-6 col-md-4 space-bottom space-bottom-xs\">\n\t\t\t\t\t<div class=\"post-content no-padding  mdc-card overflow-hidden mdc-elevation--z2 latest-news-layout-cards\">\n\t\t\t\t\t<div class=\"\">\n\t\t\t\t    <div class=\"post-thumbnail\">\n        <a href=\"https:\/\/scoalaberzunti.ro\/?p=1125\" class=\"post-list-item-thumb \">\n                    <svg class=\"materialis-post-list-item-thumb-placeholder\" width=\"890\" height=\"580\" viewBox=\"0 0 890 580\" preserveAspectRatio=\"none\">\n            <rect width=\"890\" height=\"580\" style=\"fill:#228ae6;\"><\/rect>\n        <\/svg>\n                <\/a>\n    <\/div>\n    \t\t\t<\/div>\n\t\t\n\t\t<div class=\"post-content-body col-padding  \">\n\t\t\t\t\t\t\t<div class=\"space-bottom-small\">\n\t\t\t\t\t<a href=\"https:\/\/scoalaberzunti.ro\/?cat=3\"  class=\"button color5 link \">Nout\u0103\u021bi<\/a>\t\t\t\t<\/div>\n\t\t\t\n\t\t\t<h4 class=\"latest-news-item-title\">\n\t\t\t\t<a href=\"https:\/\/scoalaberzunti.ro\/?p=1125\" rel=\"bookmark\">\n\t\t\t\t\t\u201eJanghin\u0103\u201d, din cadrul Proiectului &#8211; Violen\u021ba \u00een \u0219coal\u0103. De la problem\u0103 emo\u021bional\u0103 la solu\u021bie legal\u0103.\t\t\t\t<\/a>\n\t\t\t<\/h4>\n\n\t\t\t\n\t\t\t<div class=\"latest-news-item-excerpt\">\n\t\t\t\t<p>La C\u0103minul Cultural din Berzun\u021bi va avea loc vineri, 16 ianuarie, ora 12:00, prezentarea piesei[&hellip;]<\/p>\n\t\t\t<\/div>\n\n\n\t\t<\/div>\n\t\t\t\t\t\t\t<div class=\"mdc-card__actions box-padding-lr-small text-dark\">\n\t\t\t\t<div class=\"mdc-card__action-icons col-xs-12 text-dark col-sm-fit no-padding-left\">\n\t\t\t\t\t\t<a class=\"post-footer-link\" href=\"https:\/\/scoalaberzunti.ro\/?p=1125\">\n\t\t<i class=\"mdi small mdi-comment-outline mdc-card__action mdc-card__action--icon color-darkgray\" title=\"Comments\"><\/i>\n\t\t<span class=\"post-footer-value\">0<\/span>\n\t<\/a>\n\t<a class=\"post-footer-link\" href=\"https:\/\/scoalaberzunti.ro\/?p=1125\">\n\t\t<i class=\"mdi small mdi-clock mdc-card__action mdc-card__action--icon color-darkgray\" title=\"Post Time\"><\/i>\n\t\t<span class=\"post-footer-value\">12 ianuarie 2026<\/span>\n\t<\/a>\n\t\t\t\t\t<\/div>\n\t\t\t\t<div class=\"mdc-card__action-buttons col-xs-12 col-sm-fit no-padding\">\n\t\t\t\t\t<a href=\"https:\/\/scoalaberzunti.ro\/?p=1125\" class=\"button color2 link\">Cite\u0219te mai mult<\/a>\n\t\t\t\t<\/div>\n\t\t\t<\/div>\n\t\t\t<\/div>\n\t\t\t\t<\/div>\n\t\t\t\t<\/div>\n\t<\/div><\/div> <div  class=\"row\"><div  class=\"col-xs-12 text-center\"> <a  class=\"button big color1 mdc-elevation--z3 mdc-ripple-upgraded\" data-attr-shortcode=\"href:materialis_blog_link\" href=\"https:\/\/scoalaberzunti.ro\/?page_id=253\">VEZI MAI MULTE<\/a><\/div> <\/div><\/div><\/div><!-- \/wp:extendstudio\/materialis--><!-- wp:extendstudio\/materialis--><div  id=\"about-6\" style=\"background-color: rgb(255, 255, 255); background-image: none;\" data-label=\"About\" data-id=\"about-4\" data-export-id=\"about-4\" data-category=\"about\" class=\"about-4 content-section content-section-spacing-large\"><div  class=\"gridContainer\"> <div  class=\"row middle-sm text-center\"><div  class=\"col-sm-5 space-bottom-xs content-left-sm\" data-type=\"column\"> <h5  class=\"\">DESPRE<\/h5>  <h3  class=\"\"><\/h3><h3  class=\"space-bottom\" style=\"margin-right: auto; margin-bottom: 2rem; outline: rgb(204, 204, 204) solid 1px; text-align: left;\">Scoala Gimnaziala \u201eAlexandru cel Bun\u201d Berzunti<\/h3><p  class=\"\">\u015ecoala Gimnazial\u0103 \u201eAlexandru cel Bun\u201d Berzunti&nbsp; promoveaz\u0103 o educa\u0163ie de calitate, prin dezvoltarea \u00een parteneriat cu comunitatea, a unui mediu favorabil \u00eenv\u0103\u0163\u0103rii, bazat pe valori morale. Fiecare elev va beneficia de \u015fansa dezvolt\u0103rii unei personalit\u0103\u0163i armonioase, autonome \u015fi creative, \u00een vederea preg\u0103tirii pentru o treapt\u0103 superioar\u0103 de educa\u0163ie \u015fi ca bun cet\u0103\u0163ean european, care s\u0103 se adapteze u\u015for la cerin\u0163ele societ\u0103\u0163ii moderne \u00een permanent\u0103 mi\u015fcare \u015fi schimbare, prin efortul \u015fi implicarea pozitiv\u0103 a beneficiarilor direc\u0163i \u015fi al  personalului \u015fcolii.<\/p> <a class=\"button big color1 mdc-ripple-upgraded\" href=\"https:\/\/scoalaberzunti.ro?page_id=304\" target=\"_blank\" data-cp-link=\"1\" rel=\"noopener\">CONTACT<\/a><\/div> <div  class=\"col-sm-7 flexbox center-xs middle-xs image-group-2-img padding-top-bottom\"> <img  decoding=\"async\" class=\"img-1 rounded mdc-elevation--z10\" data-size=\"250x200\" src=\"https:\/\/scoalaberzunti.ro\/wp-content\/uploads\/2021\/08\/cropped-berzunti-poza2-scaled-1.jpg\"> <img  decoding=\"async\" class=\"img-2 rounded mdc-elevation--z10\" data-size=\"220x170\" src=\"https:\/\/scoalaberzunti.ro\/wp-content\/uploads\/2021\/08\/cropped-berzunti-poza1-scaled-1.jpg\"><\/div> <\/div><\/div> <\/div><!-- \/wp:extendstudio\/materialis--><!-- wp:extendstudio\/materialis--><div  id=\"content-24\" style=\"background-color: #f5fafd;\" data-label=\"Content\" data-id=\"content-7-materialis\" data-export-id=\"content-7-materialis\" data-category=\"content\" class=\"content-7m content-section-spacing-large content-section\"><div  class=\"gridContainer\"> <div  class=\"row middle-sm\"><div  class=\"col-md-6 col-xs-12 col-sm-6 col-padding-small-xs\"> <img  decoding=\"async\" class=\"mdc-elevation--z13 img-rounded\" src=\"https:\/\/scoalaberzunti.ro\/wp-content\/uploads\/2021\/08\/cropped-scoala-berzunti-cover2-min-scaled-1.jpg\"><\/div> <div  class=\"col-md-5 col-md-offset-1 col-xs-12 col-sm-6 content-left-sm col-padding-small-xs\" data-type=\"column\"><h6  class=\"upper\">dESPRE<\/h6> <h3  class=\"space-bottom\">Scoala Gimnazial\u0103 \u201eAlexandru cel Bun\u201d Berzunti<\/h3> <p  class=\"space-top\">Dorim s\u0103 satisfacem nevoia fiec\u0103rui elev de a se sim\u0163i competent \u00een a de\u0163ine \u015fi utiliza informa\u0163ia, deschis spre schimbare \u015fi spre \u00een\u0163elegerea \u015fi respectarea valorilor socio-culturale ale unei societ\u0103\u0163i democratice, prin \u00eencurajarea ini\u0163iativei individuale \u015fi a inova\u0163iei didactice \u015fi oferirea de oportunit\u0103\u0163i concrete pentru dezvoltarea individual\u0103 a fiec\u0103ruia.<br ><br >Vom elabora strategii diferen\u0163iate menite s\u0103 faciliteze procesul de \u00eenv\u0103\u0163are pentru to\u0163i elevii, indiferent de nivelul intelectual, de apartenen\u0163a etnic\u0103, religioas\u0103 sau de alt\u0103 natur\u0103, prin oferirea de \u015fanse egale \u015fi promovarea educa\u0163iei incluzive.<\/p> <a href=\"https:\/\/scoalaberzunti.ro?page_id=304\" class=\"button read-more link color1 space-top negative-margin mdc-ripple-upgraded\" target=\"_self\" data-cp-link=\"1\" rel=\"noopener\">Afla mai multe<i  class=\"mdi mdi-arrow-right-thick read-more-icon\"><\/i><\/a><\/div> <\/div><\/div> <\/div><!-- \/wp:extendstudio\/materialis--><!-- wp:extendstudio\/materialis--><div  id=\"contact-1\" data-label=\"Contact\" data-id=\"contact-1\" data-export-id=\"contact-1\" data-category=\"contact\" class=\"contact-1 content-section content-section-spacing-large content-relative white-text\" data-parallax-depth=\"20\"><div  class=\"gridContainer\"> <div  class=\"row text-center\"><div  class=\"section-title-col\" data-type=\"column\"> <h2  class=\"\">Contact<\/h2> <p  class=\"lead\">Utiliza\u021bi formularul de mai jos pentru a ne contacta<\/p><\/div> <\/div> <div  class=\"row text-center\"> <div  class=\"col-xs-12 col-sm-8 col-sm-offset-2 contact-form-wrapper inline-info\"> <div  class=\"card mdc-elevation--z3 col-padding-top\"> <div  class=\"dark-text\" data-content-shortcode=\"materialis_contact_form shortcode=&quot;contact-form-7 id=&amp;amp;quot;254&amp;amp;quot; title=&amp;amp;quot;Formular de contact&amp;amp;quot;&quot;\" data-editable=\"true\">\n<div class=\"wpcf7 no-js\" id=\"wpcf7-f254-o1\" lang=\"ro-RO\" dir=\"ltr\" data-wpcf7-id=\"254\">\n<div class=\"screen-reader-response\"><p role=\"status\" aria-live=\"polite\" aria-atomic=\"true\"><\/p> <ul><\/ul><\/div>\n<form action=\"\/index.php?rest_route=%2Fwp%2Fv2%2Fpages%2F252#wpcf7-f254-o1\" method=\"post\" class=\"wpcf7-form init\" aria-label=\"Formular de contact\" novalidate=\"novalidate\" data-status=\"init\">\n<fieldset class=\"hidden-fields-container\"><input type=\"hidden\" name=\"_wpcf7\" value=\"254\" \/><input type=\"hidden\" name=\"_wpcf7_version\" value=\"6.1.5\" \/><input type=\"hidden\" name=\"_wpcf7_locale\" value=\"ro_RO\" \/><input type=\"hidden\" name=\"_wpcf7_unit_tag\" value=\"wpcf7-f254-o1\" \/><input type=\"hidden\" name=\"_wpcf7_container_post\" value=\"0\" \/><input type=\"hidden\" name=\"_wpcf7_posted_data_hash\" value=\"\" \/>\n<\/fieldset>\n<p><label> Numele t\u0103u<br \/>\n<span class=\"wpcf7-form-control-wrap\" data-name=\"your-name\"><input size=\"40\" maxlength=\"400\" class=\"wpcf7-form-control wpcf7-text wpcf7-validates-as-required\" aria-required=\"true\" aria-invalid=\"false\" value=\"\" type=\"text\" name=\"your-name\" \/><\/span> <\/label>\n<\/p>\n<p><label> Emailul t\u0103u<br \/>\n<span class=\"wpcf7-form-control-wrap\" data-name=\"your-email\"><input size=\"40\" maxlength=\"400\" class=\"wpcf7-form-control wpcf7-email wpcf7-validates-as-required wpcf7-text wpcf7-validates-as-email\" aria-required=\"true\" aria-invalid=\"false\" value=\"\" type=\"email\" name=\"your-email\" \/><\/span> <\/label>\n<\/p>\n<p><label> Subiect<br \/>\n<span class=\"wpcf7-form-control-wrap\" data-name=\"your-subject\"><input size=\"40\" maxlength=\"400\" class=\"wpcf7-form-control wpcf7-text wpcf7-validates-as-required\" aria-required=\"true\" aria-invalid=\"false\" value=\"\" type=\"text\" name=\"your-subject\" \/><\/span> <\/label>\n<\/p>\n<p><label> Mesajul t\u0103u (op\u021bional)<br \/>\n<span class=\"wpcf7-form-control-wrap\" data-name=\"your-message\"><textarea cols=\"40\" rows=\"10\" maxlength=\"2000\" class=\"wpcf7-form-control wpcf7-textarea\" aria-invalid=\"false\" name=\"your-message\"><\/textarea><\/span> <\/label>\n<\/p>\n<p><label> Protectie roboti<br \/>\n<span class=\"wpcf7-form-control-wrap kc_captcha\" data-name=\"kc_captcha\"><span class=\"wpcf7-form-control wpcf7-radio\"><span class=\"captcha-image\" ><span class=\"cf7ic_instructions\">Te rog s\u0103 dovede\u0219ti c\u0103 e\u0219ti om select\u00e2nd<span> copac<\/span>.<\/span><label><input aria-label=\"1\" type=\"radio\" name=\"kc_captcha\" value=\"bot\" \/><svg aria-hidden=\"true\" role=\"img\" xmlns=\"http:\/\/www.w3.org\/2000\/svg\" viewBox=\"0 0 576 512\"><path fill=\"currentColor\" d=\"M488 313v143c0 13-11 24-24 24H348c-7 0-12-5-12-12V356c0-7-5-12-12-12h-72c-7 0-12 5-12 12v112c0 7-5 12-12 12H112c-13 0-24-11-24-24V313c0-4 2-7 4-10l188-154c5-4 11-4 16 0l188 154c2 3 4 6 4 10zm84-61l-84-69V44c0-6-5-12-12-12h-56c-7 0-12 6-12 12v73l-89-74a48 48 0 00-61 0L4 252c-5 4-5 12-1 17l25 31c5 5 12 5 17 1l235-193c5-4 11-4 16 0l235 193c5 5 13 4 17-1l25-31c4-6 4-13-1-17z\"\/><\/svg><\/label><label><input aria-label=\"2\" type=\"radio\" name=\"kc_captcha\" value=\"bot\" \/><svg aria-hidden=\"true\" role=\"img\" xmlns=\"http:\/\/www.w3.org\/2000\/svg\" viewBox=\"0 0 640 512\"><path fill=\"currentColor\" d=\"M192 384h192c53 0 96-43 96-96h32a128 128 0 000-256H120c-13 0-24 11-24 24v232c0 53 43 96 96 96zM512 96a64 64 0 010 128h-32V96h32zm48 384H48c-47 0-61-64-36-64h584c25 0 11 64-36 64z\"\/><\/svg><\/label><label><input aria-label=\"3\" type=\"radio\" name=\"kc_captcha\" value=\"kc_human\" \/><svg aria-hidden=\"true\" role=\"img\" xmlns=\"http:\/\/www.w3.org\/2000\/svg\" viewBox=\"0 0 384 512\"><path fill=\"currentColor\" d=\"M377 375l-83-87h34c21 0 32-25 17-40l-82-88h33c21 0 32-25 18-40L210 8c-10-11-26-11-36 0L70 120c-14 15-3 40 18 40h33l-82 88c-15 15-4 40 17 40h34L7 375c-15 16-4 41 17 41h120c0 33-11 49-34 68-12 9-5 28 10 28h144c15 0 22-19 10-28-20-16-34-32-34-68h120c21 0 32-25 17-41z\"\/><\/svg><\/label>\r\n    <\/span>\r\n    <span style=\"display:none\">\r\n        <input type=\"text\" name=\"kc_honeypot\">\r\n    <\/span><\/span><\/span><br \/>\n<input class=\"wpcf7-form-control wpcf7-submit has-spinner\" type=\"submit\" value=\"Trimite\" \/><\/label>\n<\/p><div class=\"wpcf7-response-output\" aria-hidden=\"true\"><\/div>\n<\/form>\n<\/div>\n<\/div><\/div> <\/div><\/div> <\/div><\/div><!-- \/wp:extendstudio\/materialis-->","protected":false},"excerpt":{"rendered":"<p>MISIUNEA \u015eCOLII \u015ecoala noastr\u0103 este o institu\u0163ie de \u00eenv\u0103\u0163\u0103m\u00e2nt care asigur\u0103 dezvoltarea la poten\u0163ial maxim a fiec\u0103rui elev, f\u0103r\u0103 discriminare, pun\u00e2nd accent pe identificarea, promovarea \u015fi dezvoltarea calit\u0103\u0163ilor \u015fi aptitudinilor individuale \u015fi de grup,&nbsp; VIZIUNEA \u015eCOLII Prin spa\u0163iul oferit \u015fi prin activit\u0103\u0163ile puse la dispozi\u0163ie, sus\u021binem \u00eenv\u0103\u0163\u0103m\u00e2ntul de calitate, care ofer\u0103 \u015fanse de integrare real\u0103&nbsp;&hellip;<\/p>\n","protected":false},"author":5,"featured_media":0,"parent":0,"menu_order":0,"comment_status":"closed","ping_status":"closed","template":"page-templates\/homepage.php","meta":{"_monsterinsights_skip_tracking":false,"_monsterinsights_sitenote_active":false,"_monsterinsights_sitenote_note":"","_monsterinsights_sitenote_category":0,"footnotes":""},"class_list":["post-252","page","type-page","status-publish","hentry"],"aioseo_notices":[],"_links":{"self":[{"href":"https:\/\/scoalaberzunti.ro\/index.php?rest_route=\/wp\/v2\/pages\/252","targetHints":{"allow":["GET"]}}],"collection":[{"href":"https:\/\/scoalaberzunti.ro\/index.php?rest_route=\/wp\/v2\/pages"}],"about":[{"href":"https:\/\/scoalaberzunti.ro\/index.php?rest_route=\/wp\/v2\/types\/page"}],"author":[{"embeddable":true,"href":"https:\/\/scoalaberzunti.ro\/index.php?rest_route=\/wp\/v2\/users\/5"}],"replies":[{"embeddable":true,"href":"https:\/\/scoalaberzunti.ro\/index.php?rest_route=%2Fwp%2Fv2%2Fcomments&post=252"}],"version-history":[{"count":12,"href":"https:\/\/scoalaberzunti.ro\/index.php?rest_route=\/wp\/v2\/pages\/252\/revisions"}],"predecessor-version":[{"id":910,"href":"https:\/\/scoalaberzunti.ro\/index.php?rest_route=\/wp\/v2\/pages\/252\/revisions\/910"}],"wp:attachment":[{"href":"https:\/\/scoalaberzunti.ro\/index.php?rest_route=%2Fwp%2Fv2%2Fmedia&parent=252"}],"curies":[{"name":"wp","href":"https:\/\/api.w.org\/{rel}","templated":true}]}}